What is the hundreds digit of ((-3885)/10)/3*w/(-7)?
2
Suppose -45*a + 2084 = -69387 - 754. What is the units digit of a?
5
Let w(z) = -2*z**3 - 3*z**2 + z + 8. Let r(g) = 5*g - 26. Let h be r(6). Let x be w(h). What is the tens digit of x/1*8/(-16)?
8
Let w(g) = -g**3 - 12*g**2 - 21*g - 6. Let u be w(-10). Let c(s) = 2*s**3 + 3*s**2 + 7*s - 6. Let k be c(u). Let q = k + -133. What is the tens digit of q?
6
Let s(z) = 3*z**3 + z**2 - 3*z. Let l = -57 - -72. Let j = 18 - l. What is the tens digit of s(j)?
8
Let k(j) = j**3 - 6*j**2 - 5*j + 2. Let s be k(-1). Suppose s*b = 8*b - 4336. What is the tens digit of b?
4
Let k(t) = 60*t**3 - 946*t**2 + 6*t + 13. What is the tens digit of k(19)?
6
Let c(p) = 3*p**2 + 50*p + 15. What is the units digit of c(-24)?
3
Let c = -92 + 110. Let g(u) = u**3 + 24*u**2 + 44*u + 17. Let p be g(-22). Suppose p*n = c*n - 203. What is the hundreds digit of n?
2
Let h(z) = -329*z - 1244. What is the thousands digit of h(-16)?
4
What is the thousands digit of (-7 + (-63)/(-7))*-1 - -1816?
1
Suppose -o + 8*c - 7*c = 366, c = -o - 368. Let b = o + 434. What is the tens digit of b?
6
Let h(u) = -188*u - 110. Let q be h(5). Let o = -7 - q. What is the units digit of o?
3
Suppose 5*q + 16926 = g, -4*g - 11*q + 67632 = -13*q. What is the tens digit of g?
0
Suppose 147 = -0*q + 7*q. Suppose q*x = 7*x + 5264. What is the units digit of x?
6
Let l(p) be the third derivative of -p**4/12 - 5*p**3/2 + 18*p**2. Let c be l(7). Let z = c - -33. What is the units digit of z?
4
Suppose h + 3*h - 110 = 2*u, 4*h = -4*u + 92. Suppose 0*i - 13 = -3*i + z, -i - 4*z + h = 0. What is the units digit of i/24 + (-766)/(-8)?
6
What is the units digit of (-5 + (-5635)/(-15))/(2/21)?
2
Suppose 15*x - 13*x - 5508 = 0. Suppose -q = -19*q + x. What is the hundreds digit of q?
1
Let y = 456 + -822. Let d = y + 534. What is the tens digit of d?
6
Let j = -31 + 53. Let o(r) = 9*r + 18 - j + 2*r. What is the units digit of o(3)?
9
Let k = -642 - -645. Suppose 6521 = 5*r + k*m, 0 = -3*r + 7*m - 2*m + 3899. What is the hundreds digit of r?
3
Suppose -n - 32681 = -6*n + 2*u, -5*u = 5*n - 32660. What is the hundreds digit of n?
5
Let n(c) = 26*c**2 - 72*c - 421. What is the tens digit of n(-8)?
1
Let c(t) = -t**2 + 62*t - 17. Suppose b - 11 = -2*n, -5 + 26 = 2*n - b. What is the tens digit of c(n)?
1
Suppose -164*h - 52410 = -169*h + 5*a, -5*h + 52380 = a. What is the ten thousands digit of h?
1
Let l(b) be the second derivative of -11*b**3/3 + 17*b**2 - 54*b. What is the hundreds digit of l(-10)?
2
Let a(i) = -14*i - 2. Let n be a(-14). Suppose 53 = -3*k + n. Let l = 208 - k. What is the tens digit of l?
6
Let x be 2 + 3 + -4*(-2)/(-4). Let z = 8 - x. Suppose z*b + 8 = 978. What is the tens digit of b?
9
Let c = -1472 - -4767. What is the units digit of c?
5
Suppose -s + 2*m = -26646, 4*s + 5*m - 71789 = 34769. What is the ten thousands digit of s?
2
Suppose 16320 = -9*k + 29*k. Suppose -4266 + k = -6*v. What is the tens digit of v?
7
Let h be 273/28 + (-6)/8. Let k(a) = 15*a**2 - h + 3 - 13*a - a**3 + 4. What is the units digit of k(14)?
2
Let g(l) = -l**3 - 24*l**2 + 20*l + 32. Let k be (-10)/2*(2 - (3 + 0)). Suppose -5*m = -4*x + 113, -9*m = -4*m - k*x + 110. What is the hundreds digit of g(m)?
1
Let z(j) = j**3 + 7*j**2 - 3*j. Suppose -4*x + 488 = -4*n, -x - 411 = 4*n + 62. Let t = 113 + n. What is the tens digit of z(t)?
5
Suppose 3*y - 12121 = -21*n + 156230, -3 = 3*n. What is the ten thousands digit of y?
5
Suppose -4*m + 251*m - 11564046 = -42*m. What is the units digit of m?
4
Let q = -215 - -458. Suppose -q + 873 = 9*b. What is the units digit of b?
0
Let i(r) = 15*r + 92. Let k be i(-6). Suppose -k*v = -2*d + 860, -5*d + 3*v + 997 + 1147 = 0. What is the units digit of d?
7
Let d be 8/(-2*(2 + -3)). Suppose 7 = 5*h + 3*r + 1, d*r + 9 = -h. Suppose h*y + 20 = j - 2*y, j + 3*y = -4. What is the units digit of j?
5
What is the hundreds digit of 5/(-30)*-5714*(-24)/(-4) + -6?
7
Suppose -401 = -4*c + 5*t, 3*c = c + t + 199. Suppose -10*d + 429 = c. What is the tens digit of d?
3
Let r be ((-36)/(-8))/((-2)/(-1460)). Suppose 2*s + 3*s - r = 0. What is the tens digit of s?
5
Let f(y) = 435*y**2 + 19*y + 28. What is the hundreds digit of f(-4)?
9
Let q = -4 + 8. Suppose 1422 = q*c - o, 3*o + 1104 = 4*c - 314. What is the units digit of (-2)/((8/c)/(-1))?
9
Suppose -3*f + 2*v + 1846 = -3*v, f = -4*v + 587. Let q = f - 540. What is the tens digit of q?
6
What is the tens digit of 1/((-55)/(-10)) + (-1448628)/(-33)?
9
What is the thousands digit of (-822367)/(-364)*(-1 - -1 - -4)?
9
Suppose 3*z - 21 = -3*g, 2*g + 11 = 3*z + 3*g. Suppose z*s - 4*s + 4*w + 774 = 0, -2*s + 792 = 5*w. What is the hundreds digit of s?
3
Suppose -2775 = -12*r + 13785. Let t be r/(3 - 9) - (1 - 5). Let b = -60 - t. What is the hundreds digit of b?
1
Let s be (-3)/((-6)/244) + (-8)/4. Suppose 13*k - 783 = -s. What is the tens digit of k?
5
Suppose -5*t = -2*r + 28853, -2*r - t + 12051 = -16844. What is the hundreds digit of r?
4
Let g(w) = 1542*w - 630. What is the ten thousands digit of g(14)?
2
Let o(j) = -226*j - 38. What is the thousands digit of o(-26)?
5
Suppose 0 = -9*v + 24178 - 9032 + 34894. What is the hundreds digit of v?
5
Let f(w) = 16*w**2 + 23*w - 350. What is the hundreds digit of f(17)?
6
Let l be (-68)/(-6)*420/8. Let d = l - 364. What is the units digit of d?
1
What is the ten thousands digit of 7 + (-3 - 5*(-20)/(-25)) - -41353?
4
Let i be (-25)/(-10) + (2 - 2/4). Suppose 1124 = i*s - 1256. What is the hundreds digit of s?
5
Let d = -374 - -24. Let u = -326 - d. What is the units digit of u?
4
Suppose 5*z - 77 = 988. Suppose 0 = -5*b - 3*x + z, b - 57 = 3*x - 18. What is the tens digit of b?
4
What is the units digit of (-560376)/(-20) + ((-17152)/19840 - 4/(-62))?
8
Let c(t) = -40*t + 8 - 6*t**2 + 79*t - 71*t**3 - 41*t. What is the units digit of c(-2)?
6
Let x = 113455 + -75030. What is the thousands digit of x?
8
Suppose -7*s - 29467 - 58364 = -34*s. What is the thousands digit of s?
3
Let t(y) = 6*y**3 + 10*y**2 + 30*y + 10. Let h(l) = -l**3 + l**2. Let d(k) = -3*h(k) - t(k). What is the tens digit of d(-6)?
5
Let g = 17 + -4. Suppose -5*o + 493 = -2*b, 2*b = g*o - 14*o + 89. What is the units digit of o?
7
Let w(c) = -831*c - 738. What is the hundreds digit of w(-19)?
0
Let t(a) = a**2 - 2*a + 11. Let m be (-6*3/30)/(1/(-5)). Let o be t(m). What is the tens digit of 4/o - 65472/(-217)?
0
Let g(o) = -5*o**3 - 18*o**2 + 14*o - 13. Let t be 19*2/(-6) + (-2)/(-6). What is the tens digit of g(t)?
3
Let b be 1 + 6/(-10) - 14/35. Suppose b = -4*m + m + 603. What is the units digit of m?
1
Let p be 1413/12 + 2/8 + -1. Let v = p + -114. Suppose -2*n - 497 = -5*q, 0*n - 2*n + 311 = v*q. What is the tens digit of q?
0
Suppose 0 = 54*b - 62716 - 182444. What is the units digit of b?
0
Let v(g) = -142*g + 33. Let l(m) = -283*m + 68. Let h(o) = -4*l(o) + 7*v(o). What is the tens digit of h(5)?
4
Let q(k) = 109*k**2 - 27*k + 121. What is the tens digit of q(8)?
8
Let f(s) = s**3 - 16*s**2 - 8*s + 33. Let h = -13 - -2. Let o(i) = i**3 + 12*i**2 + 10*i + 6. Let y be o(h). What is the hundreds digit of f(y)?
1
Let b be (-1)/(8/(-4) + 1). Let k = 635 - 636. What is the tens digit of (-57 - (-8 - -6))*k*b?
5
Let v = -15 + 15. Suppose v = -3*a + 31 + 95. Let o = a + 71. What is the tens digit of o?
1
Suppose 4*c - 5*h = -105, 3*h + 1 = -8. What is the tens digit of (-2524)/c - (-26)/(-195)?
8
Let c be -1 - -2 - ((-1)/(-1) + -4930). Suppose 16*j - 26*j + c = 0. What is the units digit of j?
3
Suppose -40 = 259*w - 251*w. What is the units digit of 2530/w*6/(-4) - 5?
4
Suppose -3*f - k + 5 = 0, -5*k + 4*k = f - 1. Let h be 407 - (f + (-12)/2). Suppose 2*r = z - 0*r - 75, -5*z = 2*r - h. What is the tens digit of z?
8
Let k(g) = -11*g + 61. Let f(c) = 2*c + 1. Let u(o) = 3*f(o) - k(o). What is the hundreds digit of u(20)?
2
What is the thousands digit of 7 + -20 + 4604/4?
1
Let y(g) = -29*g**2 - 17 + g - g**3 - 2*g + 0*g**3 + 8*g**2. Let c be y(-21). Suppose -8*h + c*h = -108. What is the tens digit of h?
2
Let a be ((-18)/3 + 1019)/(-1). Let w = -578 - a. What is the units digit of w?
5
Suppose 5*a = -a - 30*a + 156816. What is the thousands digit of a?
4
Let k = -60 - -61. 